me factors of 3 - 11/(y/100).
53
Suppose t - 25 = 4*a, -4*a - a = -15. Suppose 0 = -2*k - 4*s - 34, -5*k + s = t + 103. What are the prime factors of (20/(-12))/(3/k)?
3, 5
Let c = -1405 + 2757. List the prime factors of c.
2, 13
Suppose 0*s - 2*s - 5*v + 4 = 0, 10 = -4*s - v. Let b = s + 9. Let x = b + 0. List the prime factors of x.
2, 3
Let x(w) = w + 11. Let z be x(-4). Let o be z + -8 + 19*-1. What are the prime factors of 2*5/(o/(-16))?
2
List the prime factors of (219/9)/(8/24).
73
Suppose -2*k - 2*w + 399 = -195, 313 = k - 3*w. Let n = k + -93. List the prime factors of n.
2, 13
Let s(t) = 22*t**2 + 10*t - 18. What are the prime factors of s(3)?
2, 3, 5, 7
Suppose -4*t + 72 = -4*q, 0*q - 2*q = -4*t + 34. Let b be 0*(-1 + 2) + -130 + 128. List the prime factors of (q/19)/(b/92).
2, 23
Let a(w) = -w**3 - 8*w**2 + 5*w + 3. Let g = -17 - -8. Let y be a(g). Let f = -7 + y. List the prime factors of f.
2
Suppose 0 = -2*y + 13*y. Suppose -3*q + 6*q - 81 = y. What are the prime factors of q?
3
Suppose 7*s - 412 = 3*s. Suppose -47 - s = 3*x. What are the prime factors of x/(-2) + (-1 - -3)?
3
Suppose -15*j = -12398 - 4522. What are the prime factors of j?
2, 3, 47
Let j(y) = y + 12. Let c be j(12). Suppose -97 + c = -t. What are the prime factors of t?
73
Suppose -2*h = 5*s + 5, -1 = s + 2*h + 3*h. Let t be 9/((-3)/s) - -7. Let j = t - 8. List the prime factors of j.
2
Let h(c) = -752*c**3 + 2*c + 5. What are the prime factors of h(-2)?
11, 547
Suppose 5*c = 2*f - 205 + 1636, -2*f = 6. Let q(y) = y - 13. Let r be q(15). Suppose -r*b + 7*b = c. What are the prime factors of b?
3, 19
Let p(n) = -3*n + 8. Suppose 2 = -2*b, 5*u - 3*b + 8 = 1. What are the prime factors of p(u)?
2, 7
Suppose -2 = -2*a + 4. Let t = -3 - a. Let j(r) = r**2 - 2*r - 7. List the prime factors of j(t).
41
Suppose -10 = -w + 4*r, -20 = -5*w + 4*r + r. Suppose -k + w = -1. What are the prime factors of -3 - -34 - (k + 0)?
2, 7
Let d(z) = 5*z**3 + 29*z + 47*z - 2 - 2*z**2 - 66*z. Let y(a) = a**3 + a. Let b(c) = -d(c) + 6*y(c). List the prime factors of b(2).
2, 5
List the prime factors of (166/(-4))/((4 + 1)/(-10)).
83
Let o = 6948 - 2769. What are the prime factors of o?
3, 7, 199
Let r = 1956 - 1377. What are the prime factors of r?
3, 193
Let n(c) = -63*c**3 - c**2 - 5*c - 5. List the prime factors of n(-2).
5, 101
What are the prime factors of -6 + 0 + (3487 - 1)?
2, 3, 5, 29
Let j = 704 - 71. What are the prime factors of j?
3, 211
Let n(q) = q**3 + 2*q - 1. Let z be 7/((-14)/6)*-1. List the prime factors of n(z).
2
Let q(f) = 2*f + 2. Let g be q(-2). List the prime factors of (11 - 10)*(-132)/g.
2, 3, 11
Let j be (132/(-36))/((-2)/12). Let s be (j - 9) + 1 + -4. Let l = 0 + s. What are the prime factors of l?
2, 5
Suppose 2*t + 2*t = 72. Let d = t - -11. What are the prime factors of d?
29
Let b(v) be the first derivative of -v**4/4 - 3*v**2/2 + 2*v + 17. List the prime factors of b(-4).
2, 3, 13
Suppose 5*p - 2*p + 3 = 0. Let c be p*1/2*-22. Let n = c + -8. What are the prime factors of n?
3
Let o(w) = 171*w + 596. What are the prime factors of o(15)?
29, 109
Let z = -2387 + 6214. What are the prime factors of z?
43, 89
Suppose -5*k + 10 = 0, 3*g + 4*k = 7*k + 1254. What are the prime factors of g?
2, 3, 5, 7
Let b = 702 - 311. List the prime factors of b.
17, 23
Let m(a) = -2*a**3 - 4*a**2 - 3*a + 2. Let p be m(-2). Suppose -z - z = -p. Suppose s - 36 = -o + 10, 20 = -z*s. What are the prime factors of o?
3, 17
Let d = 139 - 145. Let k(q) = 7*q + 2 + 2*q**2 - 6 + 1. List the prime factors of k(d).
3
Suppose 0 = 10*y - 14*y + 2744. What are the prime factors of y?
2, 7
Let f(l) = 21*l - 3. What are the prime factors of f(2)?
3, 13
Let j be (-30)/6*(-6)/5. Suppose 27 = 4*o + 3*h, -j*h + h + 19 = -2*o. Suppose 0*w + 29 = 3*w - 4*f, -o*w = 5*f - 11. List the prime factors of w.
7
Let q(p) = -p**2 + 16*p + 4. Let h be q(16). Suppose k + 2*j + 510 = 5*k, -h*k = 2*j - 498. List the prime factors of k.
2, 3, 7
Let f(y) = 69*y - 115. List the prime factors of f(15).
2, 5, 23
Let r(b) = -102*b - 2. Let l be r(2). Let u = -121 - l. List the prime factors of u.
5, 17
Let z(c) = -2*c - 7. Let n be z(-6). Let p(y) = y**2 + 25. Let j be p(5). Suppose n*b - 120 = -5*m, j = 4*b - 2*b + 4*m. What are the prime factors of b?
23
Suppose -4*n - n + 480 = 0. What are the prime factors of (4 + -5)/((-2)/n)?
2, 3
Let w = -3215 + 6060. What are the prime factors of w?
5, 569
Suppose -2*o = -d - 4*d + 193, 0 = 3*d + 2*o - 119. List the prime factors of d.
3, 13
Let y be ((-66)/12)/(-11)*4*2. What are the prime factors of 94 - (8/y - 5 - -3)?
2, 47
Let x(c) = -c**3 + 4*c**2 + 5*c + 3. Let v be x(5). Suppose -s - s = 4*s. Suppose v*y + g - 19 = 0, 5*y - 4*g + g - 27 = s. What are the prime factors of y?
2, 3
Let h = 972 + -688. List the prime factors of h.
2, 71
Suppose 60 + 68 = 4*s. Let d be 117/((6/s)/(-1)). List the prime factors of d/(-10) - (-6)/(-15).
2, 31
Let l(v) = 41*v**2 - 67*v + 3. What are the prime factors of l(-9)?
3, 7, 11, 17
Suppose 3*u = 3*b - 9, 5*u = -5*b + 24 + 1. Let d be 70/(-4)*168/(-105). What are the prime factors of (-9)/(-12)*d/u?
3, 7
Let w(t) = t**2 + 4*t. Let l be w(-4). Suppose i - 73 - 30 = l. List the prime factors of i.
103
Let q(g) = -17*g + 247. List the prime factors of q(-12).
11, 41
List the prime factors of (-302)/(-10)*(14 - (-11)/1).
5, 151
Suppose -4*x + 8*x = 3*p + 3273, 3*p = x - 816. What are the prime factors of x?
3, 7, 13
Let x = -152 - -433. What are the prime factors of x?
281
Suppose -o = -5*t + 15, 4*t + 0*o - 3*o = 1. Suppose 4*r = -4, -4 = 4*b - r - 1. What are the prime factors of (0 + b)/(t/(-92))?
23
Let b = -73 + 73. Suppose -5*v + 4*u - 3*u = -214, 4*u - 4 = b. List the prime factors of v.
43
Suppose 5*y - i - 1671 = 2*i, -4*i + 1657 = 5*y. List the prime factors of y.
3, 37
Let o(j) = j**2 - 5*j + 1. Let t be o(7). Suppose -3*s + 3*c + 9 = 0, -2*c - t = -4*s - 3. Suppose 3*p = n + 3 + s, 28 = 4*n + p. List the prime factors of n.
2, 3
Suppose -8*c = -5*c. Let m(v) = v**3 + 5*v**2 + 3*v + 20. Let s(i) = i**3 + 4*i**2 + 2*i + 21. Let q(t) = -3*m(t) + 4*s(t). List the prime factors of q(c).
2, 3
Let r be 3 - -1 - (-3 - 0). Let q = -5 + r. Suppose 3 = -d, q*x - 4*d - 44 = -0*d. List the prime factors of x.
2
Suppose -4*k = x - 202, 2*k - 245 = -3*k - 5*x. Let t = k + -13. Suppose -t = -4*z + 78. List the prime factors of z.
29
Suppose -4*m - 5*y - 13 - 7 = 0, 3*m + 4*y + 16 = 0. Suppose 3*h + h = m. Suppose -2*w = -h*w - 22. List the prime factors of w.
11
Let m(y) = 69*y - 38. List the prime factors of m(10).
2, 163
Suppose -4*r + 0 = -144. Let o be (2/(-5))/(7/(-35)). Let b = r - o. What are the prime factors of b?
2, 17
Let p(f) = -42*f - 8. Let g(z) = 43*z + 6. Let o(m) = -2*g(m) - 3*p(m). List the prime factors of o(2).
2, 23
Let y(x) = x**3 - x**2 + x. Let g(n) = -4*n**3 + 4*n**2 - 4*n + 2. Let b(f) = g(f) + 3*y(f). Let w be b(0). Suppose -w*k + 47 = 9. List the prime factors of k.
19
Suppose -3514*i + 3513*i + 3784 = 0. What are the prime factors of i?
2, 11, 43
What are the prime factors of -18 + 299 - (5 + -3)?
3, 31
Suppose 4*l = -5 - 3, 4*l + 8 = 5*m. Suppose -4*g - 4 = 2*c, 0 = -c + 4*g + 4 - m. Suppose c = d - 1 - 23. List the prime factors of d.
2, 3
Suppose 636*n = 626*n + 7050. List the prime factors of n.
3, 5, 47
Suppose 2*k = -1 + 405. Suppose 5*j = k + 373. List the prime factors of j.
5, 23
Suppose 16*a - 20*a + 896 = 0. Suppose -a = -5*g + 276. List the prime factors of g.
2, 5
Suppose 35*y = 40*y - 4675. Suppose 857 + y = 8*p. List the prime factors of p.
2, 7
Let a be ((-60)/(-16) + -3)/((-3)/(-12)). What are the prime factors of (a/9 + 1)/(12/2502)?
2, 139
Let k = -79 - -123. Suppose 0 = -y - 2*c + k, 0 = -y + 2*y - c - 56. Suppose 3*s - y = 59. What are the prime factors of s?
37
Let v = -12 - -18. Suppose -v*k + 3*d = -k - 16, -4*d - 16 = -4*k. What are the prime factors of (-8)/(-2) + k/1?
2, 3
Let l = 27 + -11. Let u be 1/(2/l) + 0. Suppose 6*t = 5*t + u. List the prime factors of t.
2
Suppose 6*y - y = 0. Let k = 469 - 291. Suppose y = -5*x + i + i + 216, 0 = -4*x - i + k. List the prime factors of x.
2, 11
Let x(t) = t**3 + 9*t**2 - 2*t + 7. Suppose y + 4*y + 45 = 0. List the prime factors of x(y).
5